{"id":912,"date":"2021-02-23T08:20:39","date_gmt":"2021-02-23T08:20:39","guid":{"rendered":"https:\/\/isuzubushungary.hu\/?post_type=product&#038;p=912"},"modified":"2021-02-24T12:02:45","modified_gmt":"2021-02-24T12:02:45","slug":"isuzu-citibus","status":"publish","type":"product","link":"https:\/\/isuzubushungary.hu\/en\/product\/isuzu-citibus\/","title":{"rendered":"Citibus"},"content":{"rendered":"<table width=\"1058\">\n<tbody>\n<tr>\n<td colspan=\"2\" width=\"657\"><strong>M\u00e9retek<\/strong><\/td>\n<\/tr>\n<tr>\n<td width=\"255\">Hossz\u00fas\u00e1g \/ sz\u00e9less\u00e9g \/ magass\u00e1g (mm)<\/td>\n<td width=\"402\">9515 \/ 2409 \/ 3117<\/td>\n<\/tr>\n<tr>\n<td width=\"255\">Tengelyt\u00e1v (mm)<\/td>\n<td width=\"402\">4435<\/td>\n<\/tr>\n<tr>\n<td width=\"255\">Kivitel<\/td>\n<td width=\"402\">Monocoach<\/td>\n<\/tr>\n<tr>\n<td width=\"255\">Els\u0151 kiny\u00fal\u00e1s \/ h\u00e1ts\u00f3 kiny\u00fal\u00e1s (mm)<\/td>\n<td width=\"402\">2135 \/ 2945<\/td>\n<\/tr>\n<tr>\n<td width=\"255\">Befogad\u00f3k\u00e9pess\u00e9g 3 ajt\u00f3s kivitel (f\u0151)<\/td>\n<td width=\"402\">17 \u00fcl\u0151 + 57 \u00e1ll\u00f3 vagy 25 \u00fcl\u0151 + 44 \u00e1ll\u00f3 vagy 25 \u00fcl\u0151 + 36 \u00e1ll\u00f3 + 1 kerekessz\u00e9k + 1 sof\u0151r<\/td>\n<\/tr>\n<tr>\n<td colspan=\"2\" width=\"657\"><strong>Motor<\/strong><\/td>\n<\/tr>\n<tr>\n<td width=\"255\">Gy\u00e1rt\u00f3<\/td>\n<td width=\"402\">CUMMINS<\/td>\n<\/tr>\n<tr>\n<td width=\"255\">Modell<\/td>\n<td width=\"402\">ISB4.5E6 210B<\/td>\n<\/tr>\n<tr>\n<td width=\"255\">Kibocs\u00e1t\u00e1s<\/td>\n<td width=\"402\">Euro6<\/td>\n<\/tr>\n<tr>\n<td width=\"255\">Hengerek sz\u00e1ma<\/td>\n<td width=\"402\">4<\/td>\n<\/tr>\n<tr>\n<td width=\"255\">Henger\u0171rtartalom (cm3)<\/td>\n<td width=\"402\">4500<\/td>\n<\/tr>\n<tr>\n<td width=\"255\">Maxim\u00e1lis teljes\u00edtm\u00e9ny (LE\/ford)<\/td>\n<td width=\"402\">213 \/ 2300<\/td>\n<\/tr>\n<tr>\n<td width=\"255\">Maxim\u00e1lis nyomat\u00e9k (Nm\/ford)<\/td>\n<td width=\"402\">760 \/ 1400<\/td>\n<\/tr>\n<tr>\n<td colspan=\"2\" width=\"657\">Jellemz\u0151k<\/td>\n<\/tr>\n<tr>\n<td width=\"255\">Minim\u00e1lis fordul\u00f3k\u00f6r sug\u00e1r<\/td>\n<td width=\"402\">6960<\/td>\n<\/tr>\n<tr>\n<td width=\"255\">\u00dczemanyagtart\u00e1ly kapacit\u00e1sa (liter)<\/td>\n<td width=\"402\">215<\/td>\n<\/tr>\n<tr>\n<td colspan=\"2\" width=\"657\"><strong>Alv\u00e1z<\/strong><\/td>\n<\/tr>\n<tr>\n<td width=\"255\">Sebess\u00e9gv\u00e1lt\u00f3<\/td>\n<td width=\"402\">Allison T280RA\/T automata<\/td>\n<\/tr>\n<tr>\n<td width=\"255\">F\u00e9krendszer<\/td>\n<td width=\"402\">t\u00e1rcsaf\u00e9k (el\u0151l\/h\u00e1tul), EBS, ABS, ASR, retarder<\/td>\n<\/tr>\n<tr>\n<td width=\"255\">Felf\u00fcggeszt\u00e9s<\/td>\n<td width=\"402\">l\u00e9grug\u00f3s, el\u00f6l 2 db l\u00e9grug\u00f3val, h\u00e1tul 4 db l\u00e9grug\u00f3val<\/td>\n<\/tr>\n<tr>\n<td width=\"255\">Korm\u00e1nym\u0171<\/td>\n<td width=\"402\">hidraulikus<\/td>\n<\/tr>\n<tr>\n<td width=\"255\">Gumiabroncs<\/td>\n<td width=\"402\">265\/70R17,5<\/td>\n<\/tr>\n<tr>\n<td colspan=\"2\" width=\"657\"><strong>Fel\u00e9p\u00edtm\u00e9ny<\/strong><\/td>\n<\/tr>\n<tr>\n<td width=\"255\">Vezet\u0151\u00fcl\u00e9s<\/td>\n<td width=\"402\">L\u00e9grug\u00f3s, 3 pontos biztons\u00e1gi \u00f6vvel<\/td>\n<\/tr>\n<tr>\n<td width=\"255\">Utas\u00fcl\u00e9sek<\/td>\n<td width=\"402\">fix utas\u00fcl\u00e9sek<\/td>\n<\/tr>\n<tr>\n<td width=\"255\">Utasajt\u00f3k<\/td>\n<td width=\"402\">1-2-1 utasajt\u00f3k<\/td>\n<\/tr>\n<tr>\n<td width=\"255\">Csomagt\u00e9r (m<sup>3<\/sup>)<\/td>\n<td width=\"402\">0,15<\/td>\n<\/tr>\n<tr>\n<td width=\"255\">Visszapillant\u00f3 t\u00fckr\u00f6k<\/td>\n<td width=\"402\">elektronikus vez\u00e9rl\u00e9s\u0171 t\u00fckr\u00f6k<\/td>\n<\/tr>\n<tr>\n<td colspan=\"2\" width=\"657\"><strong>Elektromos eszk\u00f6z\u00f6k<\/strong><\/td>\n<\/tr>\n<tr>\n<td width=\"255\">L\u00e9gkondicion\u00e1l\u00f3 berendez\u00e9s<\/td>\n<td width=\"402\">18900 kcal\/h teljes\u00edtm\u00e9ny\u0171<\/td>\n<\/tr>\n<tr>\n<td width=\"255\">F\u0171t\u00e9s<\/td>\n<td width=\"402\">utas \u00e9s vezet\u0151t\u00e9ri f\u0171t\u00e9ssel ell\u00e1tott<\/td>\n<\/tr>\n<tr>\n<td width=\"255\">Utasinform\u00e1ci\u00f3s rendszer<\/td>\n<td width=\"402\">digit\u00e1lis \u00fatvonalkijelz\u0151<\/td>\n<\/tr>\n<\/tbody>\n<\/table>","protected":false},"excerpt":{"rendered":"<p>Szegmens\u00e9nek legnagyobb, leghosszabb \u00e9s legnagyobb szem\u00e9lysz\u00e1ll\u00edt\u00f3 aut\u00f3busza. Ez a busz biztos\u00edtja az utasok, a sof\u0151r\u00f6k k\u00e9nyelm\u00e9t \u00e9s a kezel\u0151 sz\u00e1m\u00e1ra a gazdas\u00e1goss\u00e1got az alacsony \u00fczemanyag-fogyaszt\u00e1s miatt.<\/p>\n<p>Az alacsony padl\u00f3s Citibus, amelynek 204 LE-s motorja megfelel az Euro 6 k\u00e1rosanyag-kibocs\u00e1t\u00e1si norm\u00e1knak, ABS \u00e9s ASR f\u00e9krendszerek, seg\u00e9dmotorf\u00e9k, els\u0151 \u00e9s h\u00e1ts\u00f3 t\u00e1rcsaf\u00e9kek, megb\u00edzhat\u00f3s\u00e1got k\u00f6lcs\u00f6n\u00f6z vezet\u0151j\u00e9nek \u00e9s utasainak. Ez megb\u00edzhat\u00f3 megold\u00e1s azokon a ter\u00fcleteken, ahol a nagy buszok haszn\u00e1lata kicsi fordul\u00e1si sugara miatt lehetetlenn\u00e9 v\u00e1lik.<\/p>","protected":false},"featured_media":390,"comment_status":"open","ping_status":"closed","template":"","meta":{"_acf_changed":false},"product_brand":[],"product_cat":[26],"product_tag":[],"class_list":{"0":"post-912","1":"product","2":"type-product","3":"status-publish","4":"has-post-thumbnail","6":"product_cat-egyeb","8":"first","9":"instock","10":"shipping-taxable","11":"product-type-simple"},"acf":[],"_links":{"self":[{"href":"https:\/\/isuzubushungary.hu\/en\/wp-json\/wp\/v2\/product\/912","targetHints":{"allow":["GET"]}}],"collection":[{"href":"https:\/\/isuzubushungary.hu\/en\/wp-json\/wp\/v2\/product"}],"about":[{"href":"https:\/\/isuzubushungary.hu\/en\/wp-json\/wp\/v2\/types\/product"}],"replies":[{"embeddable":true,"href":"https:\/\/isuzubushungary.hu\/en\/wp-json\/wp\/v2\/comments?post=912"}],"wp:featuredmedia":[{"embeddable":true,"href":"https:\/\/isuzubushungary.hu\/en\/wp-json\/wp\/v2\/media\/390"}],"wp:attachment":[{"href":"https:\/\/isuzubushungary.hu\/en\/wp-json\/wp\/v2\/media?parent=912"}],"wp:term":[{"taxonomy":"product_brand","embeddable":true,"href":"https:\/\/isuzubushungary.hu\/en\/wp-json\/wp\/v2\/product_brand?post=912"},{"taxonomy":"product_cat","embeddable":true,"href":"https:\/\/isuzubushungary.hu\/en\/wp-json\/wp\/v2\/product_cat?post=912"},{"taxonomy":"product_tag","embeddable":true,"href":"https:\/\/isuzubushungary.hu\/en\/wp-json\/wp\/v2\/product_tag?post=912"}],"curies":[{"name":"wp","href":"https:\/\/api.w.org\/{rel}","templated":true}]}}

<table width="1058">
<tbody>
<tr>
<td colspan="2" width="657"><strong>Méretek</strong></td>
</tr>
<tr>
<td width="255">Hosszúság / szélesség / magasság (mm)</td>
<td width="402">9515 / 2409 / 3117</td>
</tr>
<tr>
<td width="255">Tengelytáv (mm)</td>
<td width="402">4435</td>
</tr>
<tr>
<td width="255">Kivitel</td>
<td width="402">Monocoach</td>
</tr>
<tr>
<td width="255">Első kinyúlás / hátsó kinyúlás (mm)</td>
<td width="402">2135 / 2945</td>
</tr>
<tr>
<td width="255">Befogadóképesség 3 ajtós kivitel (fő)</td>
<td width="402">17 ülő + 57 álló vagy 25 ülő + 44 álló vagy 25 ülő + 36 álló + 1 kerekesszék + 1 sofőr</td>
</tr>
<tr>
<td colspan="2" width="657"><strong>Motor</strong></td>
</tr>
<tr>
<td width="255">Gyártó</td>
<td width="402">CUMMINS</td>
</tr>
<tr>
<td width="255">Modell</td>
<td width="402">ISB4.5E6 210B</td>
</tr>
<tr>
<td width="255">Kibocsátás</td>
<td width="402">Euro6</td>
</tr>
<tr>
<td width="255">Hengerek száma</td>
<td width="402">4</td>
</tr>
<tr>
<td width="255">Hengerűrtartalom (cm3)</td>
<td width="402">4500</td>
</tr>
<tr>
<td width="255">Maximális teljesítmény (LE/ford)</td>
<td width="402">213 / 2300</td>
</tr>
<tr>
<td width="255">Maximális nyomaték (Nm/ford)</td>
<td width="402">760 / 1400</td>
</tr>
<tr>
<td colspan="2" width="657">Jellemzők</td>
</tr>
<tr>
<td width="255">Minimális fordulókör sugár</td>
<td width="402">6960</td>
</tr>
<tr>
<td width="255">Üzemanyagtartály kapacitása (liter)</td>
<td width="402">215</td>
</tr>
<tr>
<td colspan="2" width="657"><strong>Alváz</strong></td>
</tr>
<tr>
<td width="255">Sebességváltó</td>
<td width="402">Allison T280RA/T automata</td>
</tr>
<tr>
<td width="255">Fékrendszer</td>
<td width="402">tárcsafék (elől/hátul), EBS, ABS, ASR, retarder</td>
</tr>
<tr>
<td width="255">Felfüggesztés</td>
<td width="402">légrugós, elöl 2 db légrugóval, hátul 4 db légrugóval</td>
</tr>
<tr>
<td width="255">Kormánymű</td>
<td width="402">hidraulikus</td>
</tr>
<tr>
<td width="255">Gumiabroncs</td>
<td width="402">265/70R17,5</td>
</tr>
<tr>
<td colspan="2" width="657"><strong>Felépítmény</strong></td>
</tr>
<tr>
<td width="255">Vezetőülés</td>
<td width="402">Légrugós, 3 pontos biztonsági övvel</td>
</tr>
<tr>
<td width="255">Utasülések</td>
<td width="402">fix utasülések</td>
</tr>
<tr>
<td width="255">Utasajtók</td>
<td width="402">1-2-1 utasajtók</td>
</tr>
<tr>
<td width="255">Csomagtér (m<sup>3</sup>)</td>
<td width="402">0,15</td>
</tr>
<tr>
<td width="255">Visszapillantó tükrök</td>
<td width="402">elektronikus vezérlésű tükrök</td>
</tr>
<tr>
<td colspan="2" width="657"><strong>Elektromos eszközök</strong></td>
</tr>
<tr>
<td width="255">Légkondicionáló berendezés</td>
<td width="402">18900 kcal/h teljesítményű</td>
</tr>
<tr>
<td width="255">Fűtés</td>
<td width="402">utas és vezetőtéri fűtéssel ellátott</td>
</tr>
<tr>
<td width="255">Utasinformációs rendszer</td>
<td width="402">digitális útvonalkijelző</td>
</tr>
</tbody>
</table>

<p>Szegmensének legnagyobb, leghosszabb és legnagyobb személyszállító autóbusza. Ez a busz biztosítja az utasok, a sofőrök kényelmét és a kezelő számára a gazdaságosságot az alacsony üzemanyag-fogyasztás miatt.</p>
<p>Az alacsony padlós Citibus, amelynek 204 LE-s motorja megfelel az Euro 6 károsanyag-kibocsátási normáknak, ABS és ASR fékrendszerek, segédmotorfék, első és hátsó tárcsafékek, megbízhatóságot kölcsönöz vezetőjének és utasainak. Ez megbízható megoldás azokon a területeken, ahol a nagy buszok használata kicsi fordulási sugara miatt lehetetlenné válik.</p>
